{"id":29,"date":"2013-07-24T23:19:20","date_gmt":"2013-07-24T22:19:20","guid":{"rendered":"http:\/\/www.lhappyjazz.com\/?page_id=29"},"modified":"2022-03-20T22:38:41","modified_gmt":"2022-03-20T21:38:41","slug":"photos","status":"publish","type":"page","link":"https:\/\/www.lhappyjazz.com\/?page_id=29","title":{"rendered":"Galerie"},"content":{"rendered":"<!-- publicalbum.org -->\n<div class=\"pa-carousel-widget\" style=\"display:none;width:100%;height:480px;\" data-title=\"Vincent Bourgeyx Trio - 18 f\u00e9vrier 2022\" data-delay=\"3\" data-repeat=\"false\"><img decoding=\"async\" data-src=\"https:\/\/lh3.googleusercontent.com\/_vkHBe2_7r3oEXOERhzNyoZKaXBUEvLRZ_e5MjiCLGcZZZstInTZcK5cI6WPrU4LNTiFqG79gIR0xHZf0UfByVDtgckTBoA0LfUCt-rVizB6a39zYEMWRxoNFunWJWon-no4P6AbTw=w1920-h1080\" src=\"\" alt=\"\" \/><img decoding=\"async\" data-src=\"https:\/\/lh3.googleusercontent.com\/B3U93cRw5xAdknx7NYvlrVM-eiSs_9MCSOrpi9aoE03Pn0vZjfV8zU3fcYNYGSUM26FVJPvh5hO_gXClFzj9DVj7TqjPleG6jsom-k851NMPcvVutvrevmRUxG_nZ7jaScu3I9ITZg=w1920-h1080\" src=\"\" alt=\"\" \/><img decoding=\"async\" data-src=\"https:\/\/lh3.googleusercontent.com\/wPRPAnHtiHoW1HC2FCTKk2jWM18arFZ_eeMWI1I7hH5h5ouOycX89rfGvW9X_HYTxoNk4WhqeJr4Rt_dsafhKA4uhg6GPVAfhsBm8BrG7a9KpwoI4pEqh0mj7MyohCv0_PxyM_P1tw=w1920-h1080\" src=\"\" alt=\"\" \/><img decoding=\"async\" data-src=\"https:\/\/lh3.googleusercontent.com\/ZKjC6IzL4P7bfMrkgbT2I_Snvm0jS00FtWJLFFXCqdPsMCSvJYETOJI4lgL4SH646qvAJp6QnbUCLICZAgs0L1oS6fLfNoM2nQ9pVOoP26cjnYU2eTLPpFybs8zlxAEGh_V1LDLLfg=w1920-h1080\" src=\"\" alt=\"\" \/><img decoding=\"async\" data-src=\"https:\/\/lh3.googleusercontent.com\/P5NFdpj3WWwTFcgPeIzC7_68D28_aPk5AgYfcjQReC_cU_1W5kqvmRb8BE2S4cwRLSyPDVE6YdjoZcySnxUCtYcKVzUlBX-qFUGpeEuOJn9YXGybnH8qS4T6OTHgEi1bu7d_YNQ3Fg=w1920-h1080\" src=\"\" alt=\"\" \/><img decoding=\"async\" data-src=\"https:\/\/lh3.googleusercontent.com\/sqM7zuARbfTRdAPIH7nLQIKkSjsNJUQNtDjkV05PIr4e-hDajydohxDjTMNHrywk0HrPmUhFe5PljRZX1w0c5hgrJpmOTmwvj8_2GscdkgT3luD0saA2BBbmV8RgjCrCzt5KF5lFzg=w1920-h1080\" src=\"\" alt=\"\" \/><img decoding=\"async\" data-src=\"https:\/\/lh3.googleusercontent.com\/37Q_OiupBznryGTYElUDHAEwGcIK__Qie_SJ3Vmey_QzmgtS7oGpPOaItoZPU5XE98S0VfuAbAZxr_g8ebwmnIm9JyxS37NoC_uFWRKk-emqtUzFKay5IIcQH-5gni8f-UxO82dpWA=w1920-h1080\" src=\"\" alt=\"\" \/><img decoding=\"async\" data-src=\"https:\/\/lh3.googleusercontent.com\/LQZvH7Qx1IF4Ng_PI677BGUMKeBgVr_rtfv8PZg98u23QkV2wYCihTZREvzjckxQLHr3m1ukTCdD8e9TWjHoIAyKVDRUau0gb_PxGAL3wIn3DAjp9I04ST41va0QnvHqDkm9o13qew=w1920-h1080\" src=\"\" alt=\"\" \/><img decoding=\"async\" data-src=\"https:\/\/lh3.googleusercontent.com\/CowMpCdHhUFizy84IteuI0Id2AN_PvIqkmlYlQfwdJWQ5IZ0AH78nh__roELccT7B6GUlu9asw2H7UXdSZuqj5jWYDl-ol4xjl0Rl-3QLCVmb4M4keSej1V4MvsuyRv-SDeHgIzv6A=w1920-h1080\" src=\"\" alt=\"\" \/><\/div>\n\n\n\n<p>\u00a0<\/p>\n<div class=\"shashinPhotoGroups\"><div class=\"shashinThumbnailsTable\" id=\"shashinGroup_1\" style=\"\">\n<div class=\"shashinCaption\"><\/div>\n<div class=\"shashinTableRow\">\n<div class=\"shashinTableCell\" data-original_width=\"50%\" style=\" width: 50%; max-width: 212px;\"><div class=\"shashinThumbnailWrapper\"><a href=\"https:\/\/picasaweb.google.com\/lhappyjazz\/BaptisteTrotignon2Decembre2011\" id=\"shashinAlbumThumbLink_img_6\" data-ShashinAlbum=\"6\" class=\"shashinAlbumThumbLink\"><img decoding=\"async\" src=\"https:\/\/lh6.googleusercontent.com\/-fMNOfvAEkSg\/T9SLFia8bzE\/AAAAAAAAAyQ\/JvJPSUPPAXw\/s320\/BaptisteTrotignon2Decembre2011.jpg\" alt=\"Baptiste Trotignon - 2 d\u00e9cembre 2011\" title=\"Baptiste Trotignon - 2 d\u00e9cembre 2011\" width=\"212\" class=\"shashinThumbnailImage\" id=\"shashinThumbnailImage_1\" \/><\/a><div class=\"shashinThumbnailCaption\"><span class=\"shashinAlbumCaptionTitle\"><a href=\"https:\/\/picasaweb.google.com\/lhappyjazz\/BaptisteTrotignon2Decembre2011\" id=\"shashinAlbumThumbLink_caption_6\" data-ShashinAlbum=\"6\" class=\"shashinAlbumThumbLink\">Baptiste Trotignon - 2 d\u00e9cembre 2011<\/a><\/span><span class=\"shashinAlbumCaptionDate\">Juin 10, 2012<\/span><span class=\"shashinAlbumCaptionLocation\">Photos: 8<\/span><\/div>\n<\/div><\/div>\n<div class=\"shashinTableCell\" data-original_width=\"50%\" style=\" width: 50%; max-width: 300px;\"><div class=\"shashinThumbnailWrapper\"><a href=\"https:\/\/picasaweb.google.com\/lhappyjazz\/DavidPatrois18Mai2012\" id=\"shashinAlbumThumbLink_img_10\" data-ShashinAlbum=\"10\" class=\"shashinAlbumThumbLink\"><img decoding=\"async\" src=\"https:\/\/lh5.googleusercontent.com\/-kq6Byhf9qTU\/UWAXJ2muJ9E\/AAAAAAAAA2A\/n6knyGLQ6qI\/s320\/DavidPatrois18Mai2012.jpg\" alt=\"David Patrois - 18 mai 2012\" title=\"David Patrois - 18 mai 2012\" width=\"300\" class=\"shashinThumbnailImage\" id=\"shashinThumbnailImage_2\" \/><\/a><div class=\"shashinThumbnailCaption\"><span class=\"shashinAlbumCaptionTitle\"><a href=\"https:\/\/picasaweb.google.com\/lhappyjazz\/DavidPatrois18Mai2012\" id=\"shashinAlbumThumbLink_caption_10\" data-ShashinAlbum=\"10\" class=\"shashinAlbumThumbLink\">David Patrois - 18 mai 2012<\/a><\/span><span class=\"shashinAlbumCaptionDate\">Mai 18, 2012<\/span><span class=\"shashinAlbumCaptionLocation\">Photos: 1<\/span><\/div>\n<\/div><\/div>\n<\/div><div class=\"shashinTableRowClear\">&nbsp;<\/div>\n<div class=\"shashinTableRow\">\n<div class=\"shashinTableCell\" data-original_width=\"50%\" style=\" width: 50%; max-width: 300px;\"><div class=\"shashinThumbnailWrapper\"><a href=\"https:\/\/picasaweb.google.com\/lhappyjazz\/Jam2Mars2012\" id=\"shashinAlbumThumbLink_img_9\" data-ShashinAlbum=\"9\" class=\"shashinAlbumThumbLink\"><img decoding=\"async\" src=\"https:\/\/lh5.googleusercontent.com\/-tqZmUMFPqFI\/T1PlFZr15zE\/AAAAAAAAAw0\/eCsmUMMaiBE\/s320\/Jam2Mars2012.jpg\" alt=\"Jam - 2 mars 2012\" title=\"Jam - 2 mars 2012\" width=\"300\" class=\"shashinThumbnailImage\" id=\"shashinThumbnailImage_3\" \/><\/a><div class=\"shashinThumbnailCaption\"><span class=\"shashinAlbumCaptionTitle\"><a href=\"https:\/\/picasaweb.google.com\/lhappyjazz\/Jam2Mars2012\" id=\"shashinAlbumThumbLink_caption_9\" data-ShashinAlbum=\"9\" class=\"shashinAlbumThumbLink\">Jam - 2 mars 2012<\/a><\/span><span class=\"shashinAlbumCaptionDate\">Mar 2, 2012<\/span><span class=\"shashinAlbumCaptionLocation\">Photos: 19<\/span><\/div>\n<\/div><\/div>\n<div class=\"shashinTableCell\" data-original_width=\"50%\" style=\" width: 50%; max-width: 300px;\"><div class=\"shashinThumbnailWrapper\"><a href=\"https:\/\/picasaweb.google.com\/lhappyjazz\/QuartierLatin28Janvier2012\" id=\"shashinAlbumThumbLink_img_8\" data-ShashinAlbum=\"8\" class=\"shashinAlbumThumbLink\"><img decoding=\"async\" src=\"https:\/\/lh3.googleusercontent.com\/-OnJOD1mMkrU\/T9SOP6CgG5E\/AAAAAAAAA8w\/s0n7DbYe0cg\/s320\/QuartierLatin28Janvier2012.jpg\" alt=\"Quartier Latin - 28 janvier 2012\" title=\"Quartier Latin - 28 janvier 2012\" width=\"300\" class=\"shashinThumbnailImage\" id=\"shashinThumbnailImage_4\" \/><\/a><div class=\"shashinThumbnailCaption\"><span class=\"shashinAlbumCaptionTitle\"><a href=\"https:\/\/picasaweb.google.com\/lhappyjazz\/QuartierLatin28Janvier2012\" id=\"shashinAlbumThumbLink_caption_8\" data-ShashinAlbum=\"8\" class=\"shashinAlbumThumbLink\">Quartier Latin - 28 janvier 2012<\/a><\/span><span class=\"shashinAlbumCaptionDate\">Jan 28, 2012<\/span><span class=\"shashinAlbumCaptionLocation\">Photos: 7<\/span><\/div>\n<\/div><\/div>\n<\/div><div class=\"shashinTableRowClear\">&nbsp;<\/div>\n<div class=\"shashinTableRow\">\n<div class=\"shashinTableCell\" data-original_width=\"50%\" style=\" width: 50%; max-width: 300px;\"><div class=\"shashinThumbnailWrapper\"><a href=\"https:\/\/picasaweb.google.com\/lhappyjazz\/DavidSauzay20Janvier2012\" id=\"shashinAlbumThumbLink_img_7\" data-ShashinAlbum=\"7\" class=\"shashinAlbumThumbLink\"><img decoding=\"async\" src=\"https:\/\/lh4.googleusercontent.com\/-i0IAlcnXoyY\/T9SNKRg_qlE\/AAAAAAAAA84\/VHn5c5UPn3E\/s320\/DavidSauzay20Janvier2012.jpg\" alt=\"David Sauzay - 20 janvier 2012\" title=\"David Sauzay - 20 janvier 2012\" width=\"300\" class=\"shashinThumbnailImage\" id=\"shashinThumbnailImage_5\" \/><\/a><div class=\"shashinThumbnailCaption\"><span class=\"shashinAlbumCaptionTitle\"><a href=\"https:\/\/picasaweb.google.com\/lhappyjazz\/DavidSauzay20Janvier2012\" id=\"shashinAlbumThumbLink_caption_7\" data-ShashinAlbum=\"7\" class=\"shashinAlbumThumbLink\">David Sauzay - 20 janvier 2012<\/a><\/span><span class=\"shashinAlbumCaptionDate\">Jan 20, 2012<\/span><span class=\"shashinAlbumCaptionLocation\">Photos: 4<\/span><\/div>\n<\/div><\/div>\n<div class=\"shashinTableCell\" data-original_width=\"50%\" style=\" width: 50%; max-width: 300px;\"><div class=\"shashinThumbnailWrapper\"><a href=\"https:\/\/picasaweb.google.com\/lhappyjazz\/JamJazzTraditionnel7Octobre2011\" id=\"shashinAlbumThumbLink_img_5\" data-ShashinAlbum=\"5\" class=\"shashinAlbumThumbLink\"><img decoding=\"async\" src=\"https:\/\/lh3.googleusercontent.com\/-c-uzYmu5DEo\/T9SPtZ1e1JE\/AAAAAAAAA88\/ne53-2Ou75E\/s320\/JamJazzTraditionnel7Octobre2011.jpg\" alt=\"Jam - Jazz traditionnel - 7 octobre 2011\" title=\"Jam - Jazz traditionnel - 7 octobre 2011\" width=\"300\" class=\"shashinThumbnailImage\" id=\"shashinThumbnailImage_6\" \/><\/a><div class=\"shashinThumbnailCaption\"><span class=\"shashinAlbumCaptionTitle\"><a href=\"https:\/\/picasaweb.google.com\/lhappyjazz\/JamJazzTraditionnel7Octobre2011\" id=\"shashinAlbumThumbLink_caption_5\" data-ShashinAlbum=\"5\" class=\"shashinAlbumThumbLink\">Jam - Jazz traditionnel - 7 octobre 2011<\/a><\/span><span class=\"shashinAlbumCaptionDate\">Oct 7, 2011<\/span><span class=\"shashinAlbumCaptionLocation\">Photos: 3<\/span><\/div>\n<\/div><\/div>\n<\/div><div class=\"shashinTableRowClear\">&nbsp;<\/div>\n<div class=\"shashinTableRow\">\n<div class=\"shashinTableCell\" data-original_width=\"50%\" style=\" width: 50%; max-width: 200px;\"><div class=\"shashinThumbnailWrapper\"><a href=\"https:\/\/picasaweb.google.com\/lhappyjazz\/ConcertJLBisson19Fevrier2010\" id=\"shashinAlbumThumbLink_img_4\" data-ShashinAlbum=\"4\" class=\"shashinAlbumThumbLink\"><img decoding=\"async\" src=\"https:\/\/lh4.googleusercontent.com\/-yG6sym7EDlc\/S4uqMuJj9rE\/AAAAAAAAA1k\/DEHOHgCXSbs\/s320\/ConcertJLBisson19Fevrier2010.jpg\" alt=\"Concert JL Bisson - 19 f\u00e9vrier 2010\" title=\"Concert JL Bisson - 19 f\u00e9vrier 2010\" width=\"200\" class=\"shashinThumbnailImage\" id=\"shashinThumbnailImage_7\" \/><\/a><div class=\"shashinThumbnailCaption\"><span class=\"shashinAlbumCaptionTitle\"><a href=\"https:\/\/picasaweb.google.com\/lhappyjazz\/ConcertJLBisson19Fevrier2010\" id=\"shashinAlbumThumbLink_caption_4\" data-ShashinAlbum=\"4\" class=\"shashinAlbumThumbLink\">Concert JL Bisson - 19 f\u00e9vrier 2010<\/a><\/span><span class=\"shashinAlbumCaptionDate\">F\u00e9v 19, 2010<\/span><span class=\"shashinAlbumCaptionLocation\"><a href=\"http:\/\/maps.google.com\/maps?q=35.13798+136.9634548\" target=\"_blank\"><img loading=\"lazy\" decoding=\"async\" src=\"https:\/\/www.lhappyjazz.com\/wp-content\/plugins\/shashin\/public\/display\/mapped_sm.gif\" alt=\"Google Maps Location\" width=\"15\" height=\"12\" \/><\/a> Photos: 25<\/span><\/div>\n<\/div><\/div>\n<div class=\"shashinTableCell\" data-original_width=\"50%\" style=\" width: 50%; max-width: 300px;\"><div class=\"shashinThumbnailWrapper\"><a href=\"https:\/\/picasaweb.google.com\/lhappyjazz\/AssembleeGenerale2009\" id=\"shashinAlbumThumbLink_img_3\" data-ShashinAlbum=\"3\" class=\"shashinAlbumThumbLink\"><img decoding=\"async\" src=\"https:\/\/lh5.googleusercontent.com\/-lc-lFFuzkdA\/S4phZ5sIqvE\/AAAAAAAAAj4\/tr03-4MtgwU\/s320\/AssembleeGenerale2009.jpg\" alt=\"Assembl\u00e9e g\u00e9n\u00e9rale 2009\" title=\"Assembl\u00e9e g\u00e9n\u00e9rale 2009\" width=\"300\" class=\"shashinThumbnailImage\" id=\"shashinThumbnailImage_8\" \/><\/a><div class=\"shashinThumbnailCaption\"><span class=\"shashinAlbumCaptionTitle\"><a href=\"https:\/\/picasaweb.google.com\/lhappyjazz\/AssembleeGenerale2009\" id=\"shashinAlbumThumbLink_caption_3\" data-ShashinAlbum=\"3\" class=\"shashinAlbumThumbLink\">Assembl\u00e9e g\u00e9n\u00e9rale 2009<\/a><\/span><span class=\"shashinAlbumCaptionDate\">Nov 20, 2009<\/span><span class=\"shashinAlbumCaptionLocation\">Photos: 86<\/span><\/div>\n<\/div><\/div>\n<\/div><div class=\"shashinTableRowClear\">&nbsp;<\/div>\n<div class=\"shashinTableRow\">\n<div class=\"shashinTableCell\" data-original_width=\"50%\" style=\" width: 50%; max-width: 300px;\"><div class=\"shashinThumbnailWrapper\"><a href=\"https:\/\/picasaweb.google.com\/lhappyjazz\/SoireeDansante18Juin2009\" id=\"shashinAlbumThumbLink_img_2\" data-ShashinAlbum=\"2\" class=\"shashinAlbumThumbLink\"><img decoding=\"async\" src=\"https:\/\/lh6.googleusercontent.com\/-e13H14WcSZA\/S4vCZCg7TbE\/AAAAAAAAAZM\/ZCmq_DlUmpE\/s320\/SoireeDansante18Juin2009.jpg\" alt=\"Soir\u00e9e dansante - 18 juin 2009\" title=\"Soir\u00e9e dansante - 18 juin 2009\" width=\"300\" class=\"shashinThumbnailImage\" id=\"shashinThumbnailImage_9\" \/><\/a><div class=\"shashinThumbnailCaption\"><span class=\"shashinAlbumCaptionTitle\"><a href=\"https:\/\/picasaweb.google.com\/lhappyjazz\/SoireeDansante18Juin2009\" id=\"shashinAlbumThumbLink_caption_2\" data-ShashinAlbum=\"2\" class=\"shashinAlbumThumbLink\">Soir\u00e9e dansante - 18 juin 2009<\/a><\/span><span class=\"shashinAlbumCaptionDate\">Juin 18, 2009<\/span><span class=\"shashinAlbumCaptionLocation\">Photos: 41<\/span><\/div>\n<\/div><\/div>\n<div class=\"shashinTableCell\" data-original_width=\"50%\" style=\" width: 50%; max-width: 300px;\"><div class=\"shashinThumbnailWrapper\"><a href=\"https:\/\/picasaweb.google.com\/lhappyjazz\/SoireeDeLancement20Novembre2008\" id=\"shashinAlbumThumbLink_img_1\" data-ShashinAlbum=\"1\" class=\"shashinAlbumThumbLink\"><img decoding=\"async\" src=\"https:\/\/lh6.googleusercontent.com\/-wVMnG88WfZE\/S4u_MRi2TBE\/AAAAAAAAA1M\/S0xqbDLRM_4\/s320\/SoireeDeLancement20Novembre2008.jpg\" alt=\"Soir\u00e9e de lancement - 20 novembre 2008\" title=\"Soir\u00e9e de lancement - 20 novembre 2008\" width=\"300\" class=\"shashinThumbnailImage\" id=\"shashinThumbnailImage_10\" \/><\/a><div class=\"shashinThumbnailCaption\"><span class=\"shashinAlbumCaptionTitle\"><a href=\"https:\/\/picasaweb.google.com\/lhappyjazz\/SoireeDeLancement20Novembre2008\" id=\"shashinAlbumThumbLink_caption_1\" data-ShashinAlbum=\"1\" class=\"shashinAlbumThumbLink\">Soir\u00e9e de lancement - 20 novembre 2008<\/a><\/span><span class=\"shashinAlbumCaptionDate\">Nov 20, 2008<\/span><span class=\"shashinAlbumCaptionLocation\">Photos: 27<\/span><\/div>\n<\/div><\/div>\n<\/div><div class=\"shashinTableRowClear\">&nbsp;<\/div>\n<div class=\"shashinCaptionBottom shashinCaption\"><\/div>\n<\/div>\n<\/div>\n\n<p><span style=\"color: #ffffff;\"><strong>VIDEOS<\/strong><\/span><\/p>\n<p>Concert th\u00e9matique Charlie Parker \u00e0 Art Piano, le 12 juin 2015<br \/>Avec Pierrick Pedron, Alain Jean-Marie, Jacques Vidal, Philippe Soirat, Lionel Eskenazi. Le th\u00e8me : Koko (Cherokee)<br \/>https:\/\/youtu.be\/AXt4FXvcaBs<\/p>\n<p>Merci \u00e0 Sam Norindr pour ces vid\u00e9os ci-dessous, prises sur le vif, malgr\u00e9 un \u00e9clairage des plus sombres &#8230;<\/p>\n<p>Big Band du CRR de Paris sous la direction de Pierre Bertrand, avec Sarah Carso au chant (13 juin 2013)<br \/>http:\/\/youtu.be\/r8HA27Y5ZrA<\/p>\n<p>Laura Litttardi Quartet &#8211; Jazz Pass To Brazil (15 mars 2013)<br \/>http:\/\/youtu.be\/6WTWcqeNwlY<\/p>\n<p>Marc Buronfosse Quartet &#8211; Jennifer&rsquo;s Mood (19 janvier 2013)<br \/>http:\/\/youtu.be\/zz5HBg1rPMo<\/p>\n<p>Karl Jannuska Sextet &#8211; Coldest day of the year avec Sienna Dalhen<br \/>http:\/\/youtu.be\/ecJU6Uh8Zg0<\/p>","protected":false},"excerpt":{"rendered":"<p>\u00a0 VIDEOS Concert th\u00e9matique Charlie Parker \u00e0 Art Piano, le 12 juin 2015Avec Pierrick Pedron, Alain Jean-Marie, Jacques Vidal, Philippe Soirat, Lionel Eskenazi. Le th\u00e8me : Koko (Cherokee)https:\/\/youtu.be\/AXt4FXvcaBs Merci \u00e0 Sam Norindr pour ces vid\u00e9os ci-dessous, prises sur le vif, &hellip; <a href=\"https:\/\/www.lhappyjazz.com\/?page_id=29\">Continuer la lecture <span class=\"meta-nav\">&rarr;<\/span><\/a><\/p>\n","protected":false},"author":2,"featured_media":0,"parent":0,"menu_order":6,"comment_status":"closed","ping_status":"open","template":"","meta":{"footnotes":""},"class_list":["post-29","page","type-page","status-publish","hentry"],"_links":{"self":[{"href":"https:\/\/www.lhappyjazz.com\/index.php?rest_route=\/wp\/v2\/pages\/29","targetHints":{"allow":["GET"]}}],"collection":[{"href":"https:\/\/www.lhappyjazz.com\/index.php?rest_route=\/wp\/v2\/pages"}],"about":[{"href":"https:\/\/www.lhappyjazz.com\/index.php?rest_route=\/wp\/v2\/types\/page"}],"author":[{"embeddable":true,"href":"https:\/\/www.lhappyjazz.com\/index.php?rest_route=\/wp\/v2\/users\/2"}],"replies":[{"embeddable":true,"href":"https:\/\/www.lhappyjazz.com\/index.php?rest_route=%2Fwp%2Fv2%2Fcomments&post=29"}],"version-history":[{"count":38,"href":"https:\/\/www.lhappyjazz.com\/index.php?rest_route=\/wp\/v2\/pages\/29\/revisions"}],"predecessor-version":[{"id":3132,"href":"https:\/\/www.lhappyjazz.com\/index.php?rest_route=\/wp\/v2\/pages\/29\/revisions\/3132"}],"wp:attachment":[{"href":"https:\/\/www.lhappyjazz.com\/index.php?rest_route=%2Fwp%2Fv2%2Fmedia&parent=29"}],"curies":[{"name":"wp","href":"https:\/\/api.w.org\/{rel}","templated":true}]}}